
-92508878
In base 5, what is 12 + 2143001014?
2143001031
In base 14, what is -5c5d35 + 7?
-5c5d2c
In base 7, what is 313642 + 324?
314266
In base 10, what is -15 - -18215329?
18215314
In base 3, what is -2212212 - 120102121?
-200022110
In base 7, what is -115221 + -62605?
-211126
In base 16, what is -251ff0d + 4?
-251ff09
In base 14, what is 32d3 - -4?
32d7
In base 11, what is 7912829 - -73?
79128a1
In base 14, what is 206b9b9 - -7?
206b9c2
In base 9, what is 35256316 - 3?
35256313
In base 10, what is 30334 + 245?
30579
In base 6, what is 10005 - 242021?
-232012
In base 14, what is 16 - 1dabc1?
-1daba9
In base 7, what is -1613631350 + 1?
-1613631346
In base 13, what is -7207b + -11a?
-72198
In base 8, what is -7 - 12525713?
-12525722
In base 4, what is 20 + -211223112020?
-211223112000
In base 7, what is -55366 + 306?
-55060
In base 3, what is -1102020220 - 111?
-1102021101
In base 14, what is cb + -13a7?
-12ba
In base 15, what is -4acdd9c9 - 5?
-4acdd9ce
In base 8, what is 1107 - -77623?
100732
In base 5, what is -32421212440 - 4?
-32421212444
In base 11, what is -85a12431 + -2?
-85a12433
In base 5, what is 214 - -1221432303?
1221433022
In base 13, what is b527c3 + -5?
b527bb
In base 12, what is -3505b8a + 2?
-3505b88
In base 13, what is 978a8 + 2a?
97905
In base 4, what is -101110312 - 1031332?
-102202310
In base 16, what is -7dd2 - -75?
-7d5d
In base 5, what is 2 - 331022024114?
-331022024112
In base 14, what is -109d - c8c?
-1d4b
In base 10, what is 42575034 + -3?
42575031
In base 15, what is -a35d0 - -17?
-a35b8
In base 4, what is 3331012000 - 132?
3331011202
In base 9, what is -10100203 + 72?
-10100121
In base 11, what is -3 - 9920a67?
-9920a6a
In base 5, what is 2003221433 + -1?
2003221432
In base 12, what is 415411a + -22?
41540b8
In base 8, what is -150763 - 5224?
-156207
In base 12, what is -4701 + -18446?
-20b47
In base 16, what is -1a3c35 - -1a?
-1a3c1b
In base 7, what is 3 + -6263546220?
-6263546214
In base 9, what is -3866760 - 2?
-3866762
In base 16, what is -27 - 363dc3?
-363dea
In base 4, what is -11332 - -11211031233?
11211013301
In base 11, what is -1aa6 + -23a6?
-43a1
In base 11, what is -229 - -207769?
207540
In base 2, what is -10 + 1001001000000110000001000111?
1001001000000110000001000101
In base 4, what is 22 + 130333101010?
130333101032
In base 11, what is -806 + 1591?
886
In base 12, what is 7a06 - -784?
858a
In base 9, what is 8288650 - -1?
8288651
In base 8, what is 47 + 76656756?
76657025
In base 5, what is -1011 + 3141330?
3140314
In base 6, what is -35 - 20123153?
-20123232
In base 6, what is 1144345 - -200?
1144545
In base 15, what is 6b357d - -5?
6b3583
In base 12, what is 19 - 2b9801?
-2b97a4
In base 14, what is -64577445 + 0?
-64577445
In base 3, what is -100100100 - -110022101?
2222001
In base 7, what is -321024 + -265?
-321322
In base 11, what is -3 + -4548534?
-4548537
In base 2, what is -101011101111001000001 + 101100?
-101011101111000010101
In base 4, what is -23211110012022 - -10?
-23211110012012
In base 16, what is -6 + -a28f05?
-a28f0b
In base 11, what is 6 - -95504745?
95504750
In base 8, what is 551 - 243521?
-242750
In base 15, what is 31b7a61 - -4?
31b7a65
In base 8, what is 207473 - 1111?
206362
In base 10, what is 70935 + -528?
70407
In base 5, what is -4 + -3032301202?
-3032301211
In base 7, what is -30 - 264244215?
-264244245
In base 8, what is -2446 - 43221?
-45667
In base 15, what is -33e41 - 32a?
-3426b
In base 10, what is 100089 + 49?
100138
In base 4, what is 31212133131 + -1101?
31212132030
In base 6, what is 4 + -441152315?
-441152311
In base 8, what is 452665630 - 4?
452665624
In base 13, what is -4 - -ab7c0b4?
ab7c0b0
In base 7, what is 335426 - -310?
336036
In base 8, what is 3310241 - 30?
3310211
In base 6, what is -20015 - -11102?
-4513
In base 2, what is -10000010110 + -10011001110100101?
-10011011110111011
In base 4, what is -13020121 - -102130?
-12311331
In base 6, what is 3254402 - -14453?
3313255
In base 12, what is -14a61 + -576?
-15417
In base 11, what is -5311a - -34a?
-52880
In base 15, what is -137d1dc - 5?
-137d1e2
In base 8, what is -6 - 37513224?
-37513232
In base 4, what is 10 + 13221320130232?
13221320130302
In base 10, what is -3739501 + -4?
-3739505
In base 2, what is -111101001110001110 - -10110010?
-111101001011011100
In base 9, what is 22624 + 48651?
72375
In base 8, what is -113520657 - 6?
-113520665
In base 15, what is -1389cd6 - -5?
-1389cd1
In base 16, what is 45 + 1b0f5?
1b13a
In base 4, what is -12 + -1323333311323?
-1323333312001
In base 15, what is 5a4 + -3e24?
-3870
In base 12, what is -233a + -115b22?
-118260
In base 15, what is -1dca + 358?
-1a72
In base 7, what is -2 + 203123160?
203123155
In base 7, what is -322 + -16404?
-20026
In base 15, what is 69 + 1d667b?
1d66e5
In base 3, what is -200121110122222 - -1200?
-200121110121022
In base 8, what is 147 + 4162415?
4162564
In base 3, what is 1012112 - -111012?
1200201
In base 13, what is -a139 + 76?
-a093
In base 11, what is -15 - 16874?
-16889
In base 8, what is 13437563 - 6?
13437555
In base 14, what is 5 - 169b9?
-169b4
In base 2, what is 111 + 101000111100001001111?
101000111100001010110
In base 4, what is -10 - -100210233331001?
100210233330331
In base 7, what is 2 - -1655110311?
1655110313
In base 12, what is -4 + -6866b74?
-6866b78
In base 3, what is -100 + 110002121102111?
110002121102011
In base 16, what is -3 - 489a5b2?
-489a5b5
In base 11, what is -42983 - -1a1?
-42792
In base 16, what is d046 + 11db?
e221
In base 2, what is 0 - -1011010101011110110011?
1011010101011110110011
In base 11, what is 681 - -156345?
156a16
In base 16, what is -38003b + 6e?
-37ffcd
In base 6, what is -1040311214 + 5?
-1040311205
In base 8, what is -2757121031 - -2?
-2757121027
In base 2, what is -11100111110 - -100001101011001?
11110000011011
In base 12, what is 1ab05 + 1b1?
1b0b6
In base 13, what is -386c482 - -26?
-386c459
In base 14, what is -838a4 - 916?
-843ba
In base 2, what is 10111111110001001 + -111100?
10111111101001101
In base 12, what is 5ab1662 + -5?
5ab1659
In base 13, what is 25139 + -2937?
22502
In base 10, what is 0 - 40268389?
-40268389
In base 7, what is 14155214 - 12?
14155202
In base 15, what is 257 + 86cd1?
87038
In base 4, what is 202021223210200 - -3?
202021223210203
In base 7, what is -1205 + 142?
-1033
In base 11, what is 341 + -3890?
-354a
In base 7, what is -1414022 - 25416?
-1442441
In base 14, what is 3 + -5b2344?
-5b2341
In base 9, what is -1 - -363177?
363176
In base 4, what is -2201 - -213011021?
213002220
In base 14, what is -224 - -7709?
74c5
In base 13, what is -5851348 + -5?
-5851350
In base 12, what is -1 - -6669597?
6669596
In base 3, what is -102 - 1112000112001110?
-1112000112001212
In base 11, what is 919a + 1896?
aa85
In base 5, what is 424213014 - -3?
424213022
In base 10, what is 13 + 4592755?
4592768
In base 10, what is 11747 + -5353?
6394
In base 15, what is 18 + -9a745?
-9a72c
In base 6, what is -13 - -2554305424?
2554305411
In base 13, what is -146829 - 3?
-14682c
In base 6, what is -102321 + -3233?
-105554
In base 4, what is 3 - 13101133110320?
-13101133110311
In base 13, what is 29a0 + 5b34?
8804
In base 13, what is 3abb2 + 47?
3ac29
In base 12, what is -10aa2 + -14?
-10ab6
In base 12, what is -7092 + -81b?
-78b1
In base 3, what is 102111222 + -110022?
102001200
In base 4, what is -112 + 11132002200?
11132002022
In base 6, what is 5 - 45151?
-45142
In base 7, what is 3 - -35510065?
35510101
In base 7, what is -150452 + 636?
-146513
In base 5, what is -1100101313 + 12?
-1100101301
In base 7, what is -4 + -155411551?
-155411555
In base 16, what is -b57c - 1f8?
-b774
In base 9, what is 88145558 + -5?
88145553
In base 4, what is -1110232023310222 + -11?
-1110232023310233
In base 5, what is 1220321 + 413403?
2134224
In base 10, what is -1110 + 547256?
546146
In base 6, what is -42133525 + -5343?
-42143312
In base 4, what is -10322020310 - -1030?
-10322013220
In base 14, what is 3 + 2122196?
2122199
In base 16, what is -1ebc - -2f2?
-1bca
In base 8, what is -36 - -4033603?
4033545
In base 3, what is 22001010011200212 + 12?
22001010011201001
In base 5, what is 223234441 - -33?
223240024
In base 10, what is 56897 - 52?
56845
In base 2, what is -110001010111 - -10011